0)?
-1
Let i(r) = 11 + 0*r + 3*r - 1. Let g(s) = -6*s - 19. Let b(y) = -3*g(y) - 5*i(y). Give b(-5).
-8
Let s(g) = -5*g**3 - 2*g**2 + 1. Suppose 8*m = 6*m. Suppose -4 = -4*p - m. Determine s(p).
-6
Let s(u) = 2*u - 1 + 2 + 3. Suppose -g + 6*g - 22 = -3*i, i - 14 = -5*g. Calculate s(i).
12
Let s(z) = 2 + 12*z - 12*z + 4*z. Let a be ((-72)/(-60))/((-2)/5). Determine s(a).
-10
Let v be (-126)/(-27)*(-3)/(-2). Let i = v - 1. Let p(m) = 6*m - 23. Let q(o) = -3*o + 11. Let f(l) = -3*p(l) - 7*q(l). Give f(i).
10
Let g(j) = 4*j + 2. Let y(l) = -10*l - 6. Let p(a) = -8*g(a) - 3*y(a). Determine p(0).
2
Let g(k) = k**3 + 8*k**2 + 6*k - 1. Let m(v) = 2*v**2 + 3*v - 4. Let w be m(2). Let q(n) = w*n - 5*n + 5*n - 2 + 5. Let b be q(-1). Calculate g(b).
6
Let i(a) be the first derivative of -13*a**2/2 - 4*a - 879. Calculate i(-2).
22
Let t(p) = -p**2 - p + 1. Let a(z) = z - 8. Let u be a(-4). Let k be 0*(u/4)/(-6). Let l be k + (-2 - -3)*-3. What is t(l)?
-5
Let j(z) = z + 4. Let u be j(-2). Suppose 0 = u*v + 4*v - 42. Let n(f) = -f**2 + 8*f + 3. What is n(v)?
10
Let s(o) = -o**3 - 7*o**2 - 8*o - 3. Let k be s(-9). Let d(p) = 229*p + 0 + 7*p**2 - 4*p**2 - k*p - 3. Calculate d(3).
18
Let o(s) = 3. Let k(w) = w + 1. Let x(p) = -2*k(p) - o(p). Let b(h) = 2*h**2 + 14*h + 7. Let z be b(-6). What is x(z)?
5
Let w(n) = -2*n**3 - 25*n**2 - 23*n + 6. Let h(l) = l**3 + 13*l**2 + 12*l - 3. Let y(z) = -5*h(z) - 3*w(z). Calculate y(-9).
-3
Let x(s) = -2 + 3*s - 2*s + 0*s. Let v(u) = -u + 4. Let z(d) = 2*v(d) + 5*x(d). What is z(-2)?
-8
Let v(u) = -u**3 - 5*u**2 - 5*u + 2. Let c(b) = -b**2 + 9*b - 1. Let l be c(9). Let s be l/3*(6 - -6). What is v(s)?
6
Let w(o) be the third derivative of -1/60*o**5 - 2/3*o**3 + 0*o + 1/4*o**4 + 0 + 2*o**2. Give w(6).
-4
Let t(f) = 18 + 4 - 6 - 3 - 2*f. Suppose m + 110 = 6*m. Let x = -13 + m. Calculate t(x).
-5
Let x(j) = -4*j**2 + 10*j - 11. Let h be x(2). Let p(n) be the first derivative of -n**3/3 - 7*n**2/2 - 5*n + 1. Calculate p(h).
-5
Let h(q) = -q**2 + q + 4. Suppose 5*z + 45 = 14*z. Determine h(z).
-16
Let l be (18/(-15))/((-12)/40). Let t(y) = y - 2. Let d(k) = 2*k + 15. Let r(x) = x + 5. Let b(j) = 3*d(j) - 8*r(j). Let u(n) = l*b(n) + 9*t(n). What is u(0)?
2
Let u = -13 + 16. Let i(b) = -3*b - u*b + 4*b - 5 + 4*b. Let w be 7 + (-1 - 1/1). What is i(w)?
5
Suppose 292 - 304 = 12*u. Let f(p) = 2*p**3 - 2*p**2 - p - 1. Determine f(u).
-4
Let x = -21 - -10. Let q(j) = j + 13. Determine q(x).
2
Suppose 4*n + h + 40 = -h, 12 = -2*n + 3*h. Let p(f) be the third derivative of -f**5/60 - 3*f**4/8 - 5*f**3/6 + 2*f**2. Determine p(n).
-5
Let z(j) be the third derivative of -j**7/2520 + j**6/90 + 11*j**5/120 - 19*j**4/24 + 8*j**2. Let m(x) be the second derivative of z(x). Give m(10).
-9
Suppose i + 5 = -i - 3*t, -t = 1. Let g(f) = -53*f + 1. Determine g(i).
54
Let f(c) = 0*c + 2 + 8*c + 2*c - 8*c. What is f(4)?
10
Let n(q) = -12*q**2 - 2*q - 1. Let x(z) = -4*z + 4. Let f be x(2). Let u be (0 + (-3)/(-12))*f. Calculate n(u).
-11
Let v(f) be the third derivative of f**5/60 - f**4/24 + 7*f**3/3 + f**2. Let x be 3*-2*5/(-10)*1. Let o be (-2 - -2)/(-7 + x). Determine v(o).
14
Let t(p) be the second derivative of -p**4/12 - 7*p**3/6 + p**2/2 - 4*p. Let a(m) = -2*m + 14. Let o = -16 + 26. Let k be a(o). Determine t(k).
7
Let p be (-60)/180*(2 + (-20)/(-2)). Let j(b) = b**2 - 2*b - 5. Calculate j(p).
19
Let j(t) = -46 + 4 + 41 - t. Determine j(8).
-9
Let o(y) = -4*y**2 + 7*y + 1. Let h(l) = -11*l**2 + 22*l + 1. Let u(f) = -3*h(f) + 8*o(f). Give u(9).
-4
Let o be 2/29 + (-28)/406. Let p(h) be the third derivative of 5/6*h**3 - 1/60*h**5 + 0*h - 2*h**2 + o + 1/4*h**4. Give p(7).
-2
Let a(l) = l**2 + 22*l + 41. Let w be a(-19). Let f(z) = -3*z - 53. Let n be f(w). Let s(r) = 3*r + 3. Determine s(n).
-12
Let z(d) be the third derivative of -d**4/24 + 2*d**3/3 + 2*d**2. Let a be (-2)/3 + (-8)/(-12). Suppose a*p = p. What is z(p)?
4
Let x(w) = w**3 + 4*w**2 + 3*w - 1. Let i be x(-2). Let y(f) = 283*f - 2*f**2 + 12*f**3 - 283*f + i. What is y(1)?
11
Let x(a) be the first derivative of a**2 - 1. Suppose 22*w - 17*w = 20. Determine x(w).
8
Let x(j) be the second derivative of 5*j**3/6 + j**2/2 + 2*j. Let o(d) = d**3 - 7*d**2 + 6*d + 7. Let w be o(6). Suppose -w = 3*q - 1. Give x(q).
-9
Let v(t) = 12 - 12 + 32 + 714*t + 708*t - 1425*t. What is v(10)?
2
Let r be (0 + 4/(-8))*2. Let x(b) = -13*b - 1. Let n(o) = -13*o - 1. Let t(k) = 7*n(k) - 6*x(k). Determine t(r).
12
Suppose -4*s = -93 - 11. Suppose 24 - s = 2*f. Let t(n) be the third derivative of -3*n**4/8 + n**3/6 - n**2. Calculate t(f).
10
Let y(k) = -2*k**2 + k - 2. Let c(l) = 3*l**2 - l + 1. Let b(w) = 3*c(w) + 4*y(w). Let s(x) = -5*x + 26. Let j be s(6). Calculate b(j).
7
Let n(z) = -z**2 - z. Let y(t) = -2*t**2 - 8*t + 4. Let x(j) = 3*n(j) - y(j). Let o = -5 + 9. Suppose h = -o*r + 12, -3*r + 32 = 4*h + 10. Calculate x(h).
0
Let s(w) = 63*w - 189*w + 1 + 65*w + 64*w. Determine s(-1).
-2
Let i(h) be the second derivative of h**5/20 + 17*h**4/12 - 19*h**3/6 - 10*h**2 + 2*h - 14. Give i(-18).
-2
Let a(b) = -b**3 - 8*b**2 - 8*b + 1. Suppose -33 = 7*h - 18*h. Suppose q + h = -4. Calculate a(q).
8
Let b(h) = h**3 - 6*h**2 + 6*h. Let i = 2 - -1. Let s be (45/6)/(2/4). Let u be s/5 + (i - 2). Determine b(u).
-8
Let b be -3 + (-4)/8*2. Let h(w) = -2*w + 15. Let r(y) be the third derivative of -y**4/8 + 8*y**3/3 - 4*y**2. Let g(n) = b*h(n) + 3*r(n). Give g(0).
-12
Suppose 146 = 16*j + 98. Let u(o) = o**2 + o - 8. What is u(j)?
4
Let x(c) = -2*c**3 + 4*c**2 + 2*c - 4. Suppose 10*b - 5*b + 20 = 0. Let g be b/14 - 46/(-14). Give x(g).
-16
Let m(l) be the first derivative of -1/3*l**3 - l + 7 - 2*l**2. What is m(-4)?
-1
Let l(b) be the third derivative of b**6/120 - b**5/15 + 2*b**3/3 + 99*b**2. Give l(3).
-5
Let n(b) = -b - 1. Let i = -36 - -48. Let y(l) = -4*l - 12. Let r(u) = i*n(u) - y(u). Let v be 3/4 - (-2)/8. Determine r(v).
-8
Let h(j) = -2*j. Let g(s) = 7*s - 4. Let r(t) = g(t) + 3*h(t). Let u = 4 + -7. Let d be (u - 0)/((-2)/2). Calculate r(d).
-1
Let i(y) = 2*y - 29 + 11*y - 3*y + 9 - y**2 - y. Give i(8).
-12
Let r(a) = -a - 11. Let b be r(-17). Let w be ((-4)/3)/((-2)/b). Let y(z) = w*z**2 + 13*z**3 - 4 - 2*z - 12*z**3 + 3 - 4. Determine y(-4).
3
Let t(i) = 3*i**2 + 5*i - 5. Suppose 19 = 5*m - b, -3*m = 3*b - 6 - 9. Let l be t(m). Let c(x) = -l*x**2 + 60*x**2 - 2 + 1 - x**3. Determine c(-3).
-1
Let j(c) be the second derivative of 13*c**4/12 + c**2/2 + 19*c. Give j(-1).
14
Let h(a) = 8. Let v(n) = n + 9. Let y(x) = 3*h(x) - 2*v(x). Let g be y(5). Let o(d) be the first derivative of d**2 + d - 1. Calculate o(g).
-7
Let f(z) = -318*z**2 + z**3 - 319*z**2 + 642*z**2. Give f(-5).
0
Let n(r) = 2*r**3 + 13*r**2 + 10*r - 23. Let v be n(-5). Let c(z) be the second derivative of -2*z + 0 - 1/12*z**4 - z**v - 5/6*z**3. What is c(-4)?
2
Let z(b) be the first derivative of b**3/3 - 5*b**2/2 - 6*b + 1. Let n = 10 - 0. Suppose -h + n = h. Calculate z(h).
-6
Let u be 23/7 - 2/7. Let c(v) = -6*v + 8 + 1 - 15. Let s(p) = -2*p - 2. Let g(d) = 3*c(d) - 10*s(d). Calculate g(u).
8
Let b(l) be the second derivative of l**7/840 - 7*l**6/360 + l**5/120 - 3*l**4/8 - 25*l**3/6 - 5*l. Let w(n) be the second derivative of b(n). Calculate w(7).
-2
Let l(j) be the second derivative of 2/3*j**3 + 1/20*j**5 + 5/2*j**2 + 5/12*j**4 + 0 + 11*j. Give l(-4).
5
Let a(t) = -t**3 - t**2 - 1. Let w be a(-2). Let h be 16/2*(-12)/24. Let f = h + w. Let b(r) = -9*r + 1. Determine b(f).
10
Let n(y) = 65*y + 26. Let a(x) = 53*x + 27. Let d(u) = -5*a(u) + 4*n(u). Calculate d(-10).
19
Let s(x) = x**2 - 2*x - 1. Let n(l) = -3*l - 9. Let i be n(-8). Let u = -10 + i. Suppose -k - 5*a = -2*k - 6, 0 = -3*k + u*a - 8. Calculate s(k).
2
Let c(w) = -w**3 - 2*w**2 + 5*w + 2. Let g(k) = -2*k + 9. Suppose 0*m + 27 = m. Suppose -o - m = -5*o + y, 2*o - 9 = -y. Let i be g(o). Determine c(i).
-4
Suppose -22 = -5*c + 4*m, m - 32 = -2*c - 3*c. Let w(p) = -5*p**2 + 5*p + 7. Let d(r) = -4*r**2 + 5*r + 6. Let i(z) = -4*d(z) + 3*w(z). Give i(c).
3
Let g(d) = d**2 + 8*d + 4. Let z be -1*(-7 - -5)*(-7)/2. Calculate g(z).
-3
Let u(x) = -1 + x - 1824*x**2 + 3517*x**2 - 1692*x**2. Let p = -3 - -1. Give u(p).
1
Let t(i) = -6*i**2 + 1. Let k be (2/3)/(4/282). Let a = 46 - 